-36) - (-2)/u. Suppose 0*d - 3*a = 3*d, v*d - 2*a - 4 = 0. What is the highest common divisor of 4 and d?
1
Suppose 8*u = -u + 495. Calculate the greatest common factor of 11 and u.
11
Let b be (-63)/(2*(-9)/12). Suppose 0 = q - 0*q - b. What is the highest common factor of 6 and q?
6
Let x be ((-32)/4)/4 - -2. Suppose -4*i - 9 = 5*g - x*i, -4*g + 2*i = 2. Let b = 15 + g. What is the highest common factor of b and 154?
14
Suppose 580*b + 64 = 588*b. What is the highest common divisor of b and 32?
8
Let p(b) = -b**2 + 5. Suppose 4*v = -2*v. Let i be p(v). What is the greatest common divisor of i and 2?
1
Let z(q) = -q**3 - 9*q**2 - 29*q + 15. Let g be z(-7). What is the greatest common factor of 96 and g?
24
Let j = -16 + 7. Let i be 3*((-12)/j)/4. Let t be -12*(0 + (-1)/3). Calculate the greatest common divisor of i and t.
1
Suppose 0 = 3*p + 3*n + 2*n - 41, -2*p + 25 = n. Let v = p - 9. Suppose -5*u = -d - 143, v*u + u = 3*d + 121. Calculate the highest common divisor of 42 and u.
14
Let b = -341 + 689. Calculate the greatest common divisor of b and 29.
29
Let d be 2/(-10) + 5301/155. Calculate the greatest common factor of 578 and d.
34
Let a(x) = x + 12. Let f be a(-3). Calculate the highest common factor of 48 and f.
3
Suppose -25*c + 24*c + 14 = 3*s, 4*c - 20 = 0. Calculate the greatest common divisor of s and 13.
1
Suppose 0*l + 3*o = 5*l - 1497, 2*o - 586 = -2*l. What is the greatest common factor of l and 54?
27
Suppose -3*k = -5*q - 42, -15 = -4*k - 2*q + 15. Let u = k - 8. Let o(t) = 126*t**2 - t + 1. Let v be o(u). Calculate the highest common divisor of v and 14.
14
Let v be 0/(-7) - (-57 - -1). Let n(p) = p**3 + 10*p**2 - 13*p - 15. Let s be n(-11). Calculate the greatest common divisor of s and v.
7
Let n be (0/1)/(1 - 3). Let r = n - -8. Suppose -13*o = -207 + 51. What is the greatest common factor of r and o?
4
Suppose 3*o - 5*o - 1176 = 0. Let p be ((-6)/4)/(14/o). What is the highest common factor of 7 and p?
7
Let a be (-12)/(-72) + (-94)/(-12). Let r(o) = 2*o - 13. Let g be r(a). Suppose -g*p + 1 = -2. What is the highest common factor of 3 and p?
1
Let x = 16 - 74. Let w = x + 86. Calculate the highest common factor of w and 42.
14
Let m = -54 - -59. Suppose 0 = m*v + 5, 3*c - 5*c = -2*v - 362. What is the highest common factor of 20 and c?
20
Let j = -2 - -90. What is the greatest common factor of j and 8?
8
Suppose 3*v - 2 + 11 = 0. Let x be (-4 - -4)/v + 6. Suppose 0 = -x*d + 3 + 9. Calculate the greatest common factor of 8 and d.
2
Let u(r) = r**2 - 18*r + 35. Let w be u(19). Let p = w - 44. Suppose -4*a + 5*a = 20. Calculate the greatest common factor of a and p.
10
Let t(a) = 6*a**2 - 3*a. Let d be t(3). Let j = d + -43. Calculate the greatest common divisor of j and 22.
2
Let f be 6/(-4 + 5) - -6. Let a be (-3 - (-3 + -1)) + 83. Calculate the greatest common factor of a and f.
12
Let g = 186 - 11. What is the highest common divisor of g and 105?
35
Suppose -u + 9*u = 528. Let y(b) = -22*b - 8. Let d be y(-6). Suppose 5*k = 4*h + 236, -2*h + d = -k + 4*k. What is the highest common factor of k and u?
22
Suppose -3*d + 5*d - 4*q - 30 = 0, -3*d = -q - 65. What is the greatest common divisor of 69 and d?
23
Let w be (-1 - -2) + -1 - -85. Suppose -2*z - 41 = -x + 2*z, 0 = 2*x - 5*z - w. What is the greatest common divisor of 18 and x?
9
Let b(p) = -p**2 - 7*p - 10. Let n be b(-3). Let s be (-1)/((1 - 3) + 1)*n. Calculate the greatest common factor of 5 and s.
1
Suppose 2*w = -3*n, 3*n + 1 + 8 = w. Suppose -2*k = w*z - 24 - 7, -2*z = -10. Calculate the greatest common divisor of 12 and k.
4
Let t(s) = 2*s - 4. Let x be t(3). Let n be 1796/12 + x/6. Suppose -a = a - n. What is the highest common divisor of 15 and a?
15
Let n(u) = 4*u + 156. Let o be n(0). What is the greatest common factor of 104 and o?
52
Suppose -2*l + 2*i + 2*i = 276, -2*i + 690 = -5*l. Let o = -84 - l. What is the greatest common factor of o and 12?
6
Let z = 461 + -244. Suppose -8*y + 651 = 13*y. Calculate the highest common divisor of y and z.
31
Suppose -561 = -5*w + o, 2*w - 3*w + 107 = 5*o. Let c be w/3*54/21. What is the highest common divisor of c and 12?
12
Suppose b - 3 = -2*b. Let q(z) = -166*z + 3657. Let l be q(22). Calculate the greatest common divisor of b and l.
1
Suppose -109 = -7*x + 24. Let f be (-6)/2*57/(-9). Calculate the highest common divisor of f and x.
19
Let l(h) = -2*h + h - 4*h**2 + h**3 - 2*h**3. Suppose -3*q - 2*f = 8, 8*q = 5*q - 4*f - 4. Let o be l(q). Calculate the greatest common divisor of o and 1.
1
Let k be 88/(-20) + 4 + 328/20. Calculate the highest common divisor of 16 and k.
16
Let i be 8/(-84) + 2086/294 - -303. Let w(b) = 7*b - 4. Let y be w(5). Calculate the greatest common divisor of i and y.
31
Let j be (54/12)/((-3)/(-4)). Suppose 0 = 8*x - 5*x - j. Suppose -4*s = 2*h - 6, x*s - 5*h = 5*s + 6. Calculate the greatest common factor of s and 9.
3
Let f = -3 - -7. Suppose 2*w - f*u - 28 = 0, 0 = -w - w + u + 13. Let c be (-97)/(-4) + (-1)/w. What is the greatest common divisor of c and 24?
24
Let l = -162 - -344. Calculate the greatest common factor of 26 and l.
26
Let x be (-51)/(-34)*(-1 - -21). What is the greatest common factor of x and 40?
10
Let s(d) = 15*d**2 - 14*d + 7. Let k be s(2). Calculate the greatest common factor of k and 13.
13
Let q = -2 - -9. Let f = -5 + q. Suppose 5*a - 64 = 2*y - 10, 0 = -4*a - f*y + 36. Calculate the greatest common divisor of a and 15.
5
Let a = 11 + -9. Let x be (-6)/(-4)*(-4)/3. Let t be (9 - x)/((-5)/(-10)). What is the highest common divisor of t and a?
2
Suppose 44 = 17*w - 143. What is the highest common factor of 2068 and w?
11
Suppose 0 = -4*z - 8, 28 = -2*x - 2*z + 106. What is the highest common factor of 287 and x?
41
Let p be (-95)/20*-4*30. Calculate the greatest common factor of p and 57.
57
Suppose -441*p + 456*p - 1155 = 0. What is the highest common divisor of p and 44?
11
Let y(j) = -j**3 - 2*j**2 + 2*j + 8. Let f be y(-2). Calculate the highest common factor of 92 and f.
4
Suppose 0 = 3*g + 4*o - 54, 71 = 3*g + g + 5*o. Let n be 1516/28 + (-2)/g. What is the greatest common divisor of 18 and n?
18
Let y = -302 + 350. Calculate the greatest common divisor of y and 48.
48
Suppose 28*j + 612 = 2292. Calculate the greatest common divisor of 160 and j.
20
Let d = -164 + 168. Suppose -d*t + 0 = -12. Suppose -5*h + a = 4*a - 19, 12 = 4*a. What is the greatest common factor of t and h?
1
Suppose -3*d = -3*j - 131 - 13, -5*d = -3*j - 250. Let w = -39 + d. Calculate the greatest common divisor of w and 21.
7
Suppose 4*j - 186 = 206. Suppose 8*q = q + j. Calculate the highest common factor of 7 and q.
7
Suppose 5*r - 3*i + 1113 = 6*r, -4*r + 4470 = 3*i. Calculate the highest common divisor of r and 3.
3
Let b = -108 - -107. Let f(p) = 5*p**2 - p - 2. Let y be f(b). Calculate the greatest common divisor of y and 10.
2
Suppose -q + 2*r + 22 = -2, -123 = -4*q - r. What is the highest common factor of q and 18?
6
Let f be 3*(8 - (-52)/(-12)). Calculate the greatest common factor of 209 and f.
11
Let b be 9*(3 - 25)*12/(-24). Calculate the greatest common factor of b and 22.
11
Let z(s) = 28*s**2 + 4*s - 8. Let m(l) = l**2 - 3*l - 1. Let t be m(-1). Let r be z(t). Calculate the highest common divisor of r and 32.
32
Suppose -i - 4*i = -15. Suppose -i*j = -5*j - 56. Let a = -26 - j. Calculate the greatest common divisor of a and 16.
2
Suppose -5*o + 2*o = -4*k - 72, -3*o + 87 = k. Let v = -16 + o. Calculate the greatest common divisor of v and 8.
4
Let n = 52 + -13. Let k = -33 + n. Calculate the greatest common divisor of k and 18.
6
Let y(s) = -s**3 - 19*s**2 + 21*s + 23. Let w be y(-20). Let c = 14 + -11. What is the greatest common divisor of c and w?
3
Suppose 0 = -5*n + w + 87, 2*n - 4*n - 4*w = -48. What is the greatest common divisor of 48 and n?
6
Suppose 6*x - 5 = 31. Suppose -3 = -x*g + 9. Calculate the highest common divisor of 6 and g.
2
Suppose 4*k = 3*k + 7. Let f(c) = -c**2 + 4 - 4 - k - 17*c. Let u be f(-8). Calculate the highest common divisor of 26 and u.
13
Let m be (-144)/(-3)*2/4. Suppose -5*x - i + 365 = 0, x - 44*i = -39*i + 47. What is the highest common factor of m and x?
24
Suppose 2*g = 2, 2*g + 14 = -5*p + 556. Suppose -k + 18 - 5 = 0